 when 471 is divided by m.
51
What is the remainder when (-420)/(-112)*72/5 is divided by 14?
12
Let j(g) = -142 - 148 + 287 + 4*g**2 + g + 5*g**2. Suppose -c + 41 - 6 = 0. What is the remainder when j(-4) is divided by c?
32
Let c(w) = -2*w**3 + 83*w**2 + 84*w - 306. Calculate the remainder when c(42) is divided by 91.
2
Suppose 5*u - 2*w = -0*u + 66, 5*u + w = 72. Suppose -3 = u*h - 115. Calculate the remainder when 29 is divided by h.
5
Suppose -11*t + 1899 - 263 = -498. Calculate the remainder when t is divided by 14.
12
What is the remainder when 8 + 27/12*1804 is divided by 63?
35
Let f be ((-9)/(-6))/((-6)/4) - -4. Suppose 3 = -f*c + 69. Suppose -5*p + 18 = -3*p - 4*z, -3*z = -2*p + 20. Calculate the remainder when c is divided by p.
9
Let c(l) = -l**3 + 13*l**2 - 22*l. Let u be c(11). Suppose u*a + 3*a + 2*a = 0. Calculate the remainder when 42 is divided by (-1)/(-1 + a - -3)*-46.
19
Suppose -3*r = -4*f + 202, -3*f - 5*r + 3*r = -143. Let c = -151 - -155. Let j(w) = w**3 - w**2 - w - 18. What is the remainder when f is divided by j(c)?
23
Suppose 4*l = 16, -2*f = -f + 3*l - 17. Let n = 12 - 12. Calculate the remainder when 9/(n + (2 - 1)) is divided by f.
4
Suppose -2*c + 3*a - 281 = 0, c - 3*c = -a + 287. Let d = -127 - c. Calculate the remainder when 49 is divided by d.
13
What is the remainder when 7623 is divided by 2/(-4)*(-154 - -32)?
59
Let h = -55 + -155. Calculate the remainder when 96 is divided by (3 + h/12)*-4.
38
Suppose 142*s = -199*s + 627781. Calculate the remainder when s is divided by 45.
41
Suppose -20 + 103 = g. Suppose -137 + 128 = 3*j. Calculate the remainder when g is divided by (-7)/(3/27*j).
20
Let x = 195 - 193. What is the remainder when x*(-6)/(-12)*283 is divided by 90?
13
Suppose 3*a - 166 = 177 + 2. What is the remainder when 1723 is divided by a?
113
Suppose -17*v + 374 = 102. Suppose -4*y + 0*y = -3*d - 3, d = 3*y - 6. Let z = v - y. Calculate the remainder when 51 is divided by z.
12
Let n be ((-6)/(-1))/(-6*3/27). What is the remainder when 2/n - 21853/(-369) is divided by 31?
28
Let q(v) = -v**3 - 86*v**2 - 251*v - 150. What is the remainder when 399 is divided by q(-83)?
15
Suppose 1878 = -32*a + 11*a + 24*a. What is the remainder when a is divided by 9?
5
Suppose 0 = 3*w - 0*w + 84. Let l be (-4)/(-1 + (-20)/w). Calculate the remainder when 1*l*45/30 is divided by 12.
9
Let m = -7383 - -8175. What is the remainder when m is divided by 261?
9
Suppose i + 4*p - 9*p - 27 = 0, 8*i = -3*p + 130. What is the remainder when 26 is divided by i?
9
Suppose -2*b + 2888 - 2202 = 0. Suppose -g - 428 = -5*q, -2*q - g = -6*q + b. What is the remainder when 503 is divided by q?
78
Let o(r) = 320*r**2 + 2*r - 1. Suppose -3*h + 2*h + 5 = 0, 2*s + 3*h = 33. Calculate the remainder when o(1) is divided by s.
6
Suppose -342 = -y + 5*i - 269, -3*y + 4*i + 153 = 0. Let t = -23 + 36. What is the remainder when y is divided by t?
4
Calculate the remainder when (-1 - 1)/(7 + (-31305)/4470) is divided by 76.
64
Calculate the remainder when (11 - 6)*(2/(-17) + 14252/340) is divided by (-36)/(-8) + (-6)/(-4).
5
Suppose f + 4*v - 361 = 0, 3*f - 24*v - 10*v = 853. What is the remainder when 387 is divided by f?
46
Suppose f - 8 = -12. What is the remainder when (-147)/f + 4/16 is divided by 14?
9
Let l = -419 + 456. Suppose -2*m = -19 - l. Calculate the remainder when 67 is divided by m.
11
Suppose -2*j = -0*j - 12. What is the remainder when (-16)/j*(-45)/12 is divided by 4/3*(-3)/(-1)?
2
Suppose 458 - 269 = 9*q. What is the remainder when 1506 is divided by q?
15
Let w(i) = -2*i**3 - 12*i**2 - 16*i - 28. Let u be w(-5). What is the remainder when 40 is divided by 18 + (-51)/(-17)*u/(-3)?
8
Let y(x) = 2*x**3 + 21*x**2 + 46*x - 16. Suppose -9*r + 4*r + 165 = -5*j, -2*r - 2*j = -74. What is the remainder when r is divided by y(-7)?
0
Let h(q) = 6*q**2 + 30*q + 116. Let o(d) = -14*d**2 - 61*d - 234. Let g(a) = 5*h(a) + 2*o(a). Calculate the remainder when 51 is divided by g(-10).
19
Let z = -107 + 107. Calculate the remainder when (-11 - -137) + (0 - z) is divided by 26.
22
What is the remainder when 280/42*16632/45 is divided by 85?
84
Suppose -2*l - 238 = 35*f - 33*f, 2*l - f + 247 = 0. Suppose -3*s = 1 - 448. Let a = s + l. What is the remainder when 134 is divided by a?
26
Let o = 55 - 11. What is the remainder when o is divided by (-3144)/120 + 27 + ((-513)/(-15) - -2)?
7
Let k(q) = -3*q - 24. Let b be k(-10). Let m be (b/8)/(9/216) - 1. Let h = m - -53. What is the remainder when h is divided by 12?
10
Let f be (-54)/30*-7 + (-2)/(-5). Suppose 11*k = f*k. Suppose k = 4*m - 5*m + 36. What is the remainder when 141 is divided by m?
33
Let v(f) = -54*f - 35. Let c(n) = 29*n + 18. Let m(z) = -7*c(z) - 4*v(z). What is the remainder when 97 is divided by m(1)?
16
Suppose 44*z - 43*z - 22 = -c, 4*z - 92 = -3*c. What is the remainder when 158 is divided by z?
2
Let b(a) = a**3 + 8*a**2 - 20*a + 22. What is the remainder when 456 is divided by b(-10)?
16
Suppose -s + 91 = 4. Suppose 4*h = 3*u - 11 + 250, 5*u = -2*h + s. What is the remainder when 277 is divided by h?
53
Let o(x) = -x**2 - 5*x + 601. What is the remainder when 508 is divided by o(-27)?
4
Let m(z) = z**3 - 4*z + 20. Let a be m(-7). Let r = 339 + a. Suppose 3*b = -b + 48. What is the remainder when r is divided by b?
8
Let c(t) = t + 19. Let j be c(5). Suppose 7*g - 732 - j = 0. Let z = 135 - g. Calculate the remainder when z is divided by 14.
13
Let n(l) = 30*l**2 + l. Let g(h) = h**3 + 14*h**2 + 32*h. Suppose 0 = -0*k + 11*k + 121. What is the remainder when n(1) is divided by g(k)?
9
Let l(o) = -o - 8. Let g(d) = 7. Let h(f) = 3*g(f) + 2*l(f). Let p be h(-3). Suppose 0 = -6*m + p*m - 20. What is the remainder when 14 is divided by m?
2
Let n be ((-12)/(-9))/(1/3). Suppose -z - 4*v - v = -41, 209 = n*z + 5*v. Let h = 93 - z. Calculate the remainder when h is divided by 13.
11
Suppose 31140 = 74*o - 44*o. What is the remainder when o is divided by 40?
38
Calculate the remainder when (-9)/27*18*(-370)/2 is divided by 92.
6
What is the remainder when 24/(-2) + -117 + 268 is divided by 16?
11
Let o = -277 - -225. What is the remainder when 123 is divided by 9/((-108)/o)*9?
6
Let p be 3 - 140/2*-1. Suppose 0 = -p*j + 69*j + 428. What is the remainder when j is divided by 16?
11
Suppose 5*n - 18 - 12 = 0. Let h(t) = -3*t - 4 + n + t**2 + 4 + 5. Calculate the remainder when h(4) is divided by 10.
5
Let c(a) = a**2 + 35*a - 161. Let z be c(-41). Let l = z - 64. Calculate the remainder when 123 is divided by l.
18
Suppose u - 4*v + 258 = 0, 5*u + 614 + 613 = -v. Let r = -208 - u. Let y(z) = -z**3 + 112. What is the remainder when y(0) is divided by r?
36
Let q = 68 - 65. Suppose -k = 2*g - q*g - 18, 51 = 2*k + g. Calculate the remainder when k is divided by 8.
7
Let n = 58 + -32. Let p(h) = -5*h**2 - 26*h + 18. Let c(b) = b**2 + b - 1. Let z(j) = -6*c(j) - p(j). What is the remainder when n is divided by z(19)?
5
Suppose 7526 = 116*a - 64*a + 90*a. Calculate the remainder when a is divided by (-46)/(-6) - (-2)/6.
5
Let i = 3 - -7. Let l = -2426 + 2456. What is the remainder when l is divided by i?
0
Let c = 4468 - 4345. What is the remainder when 209 is divided by c?
86
Let y(v) = 21*v**2 + 114*v. Let n(w) = 20*w**2 + 114*w. Let z(h) = 3*n(h) - 2*y(h). Calculate the remainder when z(-7) is divided by 11.
7
Suppose -4*b - 6 = -2*b. Let j be (-9)/b*238/21. Suppose 0 = -3*k - x + 40, j = 2*k + 2*x - 5*x. Calculate the remainder when 54 is divided by k.
12
Let l(b) = 548*b - 19178. Let q(p) = -p + 2. Let r be q(2). Let y = 3 + r. What is the remainder when y is divided by l(35)?
1
Let u(m) = m**3 - 5*m**2 - 3*m - 2. Let h be u(8). Suppose -37 = z - h. Calculate the remainder when z is divided by (-4)/74 + (-7712)/(-296).
25
Suppose -8*d = -4*d + 8. Let h(y) = y**3 - 28*y**2 + 6. Let a be h(28). Let w = a + d. Calculate the remainder when 27 is divided by w.
3
Calculate the remainder when 2081 is divided by (-754238)/(-5066) + 4/34.
144
Suppose -3*r + 83 = -b + 19, -108 = -5*r + 2*b. Suppose 13*g - 680 = 8*g. What is the remainder when g is divided by r?
16
Suppose -4*l + u + 8 = 0, 5*l - 8 = l + 3*u. Suppose l*p + 3 = 3*p. Suppose 3*s = 0, -5*s - 32 = -p*m - 8. Calculate the